*u = -p + 58, -5*u + 4*p + 40 + 43 = 0. Suppose -11*m + 5*m = -6. Let w be (0 + m)*((-76)/(-4) - -1). What is the highest common factor of w and u?
5
Let g be -19 - -32 - (2 - -4). Let p be ((-69)/(-6) + 1)*2. Let t = p + g. Calculate the highest common divisor of 80 and t.
16
Suppose -8*z = -z - 238. Suppose a + z = 30. Let b be 2/a - 1*964/(-8). Calculate the greatest common factor of 48 and b.
24
Let h be (-4)/6 - (-52)/6. Suppose -528 = -18*i + 7*i. Let q be (i/18 - 0)*(12 + -3). What is the highest common factor of h and q?
8
Suppose 27 + 103 = 4*p + 3*a, 0 = -4*p + 4*a + 144. What is the highest common divisor of 24 and p?
2
Suppose 2*v - 20 = 3*x - 4*x, 5*v - 37 = -2*x. Let c(f) = -638*f + 2617. Let k be c(4). What is the highest common factor of x and k?
13
Let a = 4429 + 2767. What is the highest common divisor of a and 28?
28
Let j(u) = u**3 - 75*u**2 + 165*u - 1077. Let l be j(73). Calculate the greatest common factor of 496 and l.
62
Let j(d) = -7*d + 3*d - 4*d - 25 + 0*d. Let z be j(-6). Let c be 1 + -6 + 3 + 94. Calculate the highest common divisor of z and c.
23
Let s(y) = 35*y + 215. Let r be s(16). Calculate the highest common divisor of 403 and r.
31
Suppose -d + 3*w + 0*w = -3771, -d - 4*w = -3736. Calculate the greatest common divisor of d and 12.
12
Let r = -134 - -90. Let b = r + -28. Let t be b/96*(-13 - -1). Calculate the highest common divisor of 63 and t.
9
Suppose -30*w + 16*w = -154. Suppose w*c = 2728 - 649. What is the highest common divisor of c and 21?
21
Let r(x) = x**3 + 9*x**2 - 13*x - 15. Let l be r(-9). Let q be (4 - 33/9)/((-2)/(-102)). Calculate the greatest common divisor of l and q.
17
Let i = -18282 + 18399. Calculate the greatest common divisor of 1768 and i.
13
Let g(o) = 2*o**2 + 2*o + 44. Let q be g(-11). Let f(w) = w**3 + 14*w**2 + 5*w + 44. Let p be f(-11). Calculate the highest common divisor of p and q.
88
Let m = -2133 - -2150. What is the highest common divisor of m and 1921?
17
Suppose 3*h - 206 = 5*w + 759, -5 = h. Let x = -2367 - -2028. Let r = w - x. What is the highest common divisor of 13 and r?
13
Suppose 0 = -2*b + 5*k + 21, 81 - 36 = 3*b - 3*k. Calculate the highest common factor of b and 498.
6
Let v = -1300 + 1377. What is the greatest common factor of v and 275?
11
Let k = 7161 - 5604. What is the greatest common divisor of 173 and k?
173
Let d(k) = -29*k - 13. Let w(i) = 82*i + 38. Let r(a) = 17*d(a) + 6*w(a). Let j be r(5). Calculate the highest common factor of j and 6.
2
Let i(a) = -a**3 + 4*a**2 + 3*a - 6. Let d be i(3). Suppose -17*n + 13*n - d = 0. Let y be ((-8)/n)/(10/15). What is the greatest common divisor of 4 and y?
4
Suppose -4*z + p = -303, -324 = -29*z + 25*z + 4*p. Suppose 3*d + d - 148 = 0. Calculate the greatest common factor of z and d.
37
Let m = -3919 + 7543. What is the highest common divisor of 6 and m?
6
Suppose -4*x + 475 + 581 = 0. Let k = x - 384. Let y be (-2)/4 - k/16. What is the highest common factor of y and 35?
7
Let x(q) = -q**2 + 5. Let s be x(-4). Let a(j) = -j**2 - 4*j + 142. Let w be a(s). Calculate the greatest common factor of w and 15.
5
Let f(x) = 4*x**2 - 10*x - 111. Let k be f(-17). Calculate the highest common factor of k and 10.
5
Suppose -8*n + 3585 + 3511 = 0. Suppose -m - 4*k + 236 = 0, 4*m - n = 2*k + k. What is the highest common divisor of m and 14?
14
Let k(w) = 3*w**3 + 35*w**2 - 13*w + 36. Let v be k(-12). What is the greatest common divisor of 108 and v?
12
Let v(i) = 8*i + 352. Let q be v(12). What is the greatest common factor of 140 and q?
28
Suppose -2*m = 3*q - 142, 0 = -q - 4*m + 52 - 8. Let v(c) = 7*c**2 - 13*c + 6. Let a be v(10). What is the greatest common factor of a and q?
48
Let i(y) = -y**2 - 887*y + 10028. Let k be i(11). What is the highest common factor of k and 1002?
6
Suppose -v + 9 = -4*o - 7, v + 11 = -5*o. Let p be (-16)/4 + v + 52 + -2. What is the highest common factor of 150 and p?
50
Let m(l) = -l**3 + 55*l**2 - 147*l - 329. Let j be m(52). What is the greatest common divisor of j and 3197?
139
Let t = 68 + -66. Suppose -t = -d + s + 3, -3 = d + 3*s. Suppose 5*k = -d*k + 376. What is the highest common divisor of 329 and k?
47
Let z = 1729 - 785. Calculate the highest common factor of 144 and z.
16
Let n = -5 + 6. Let g be 3*((-952)/12)/n. Let m be ((-3)/1)/(4 - (-973)/g). What is the greatest common divisor of m and 17?
17
Suppose -2*v = 5*o + 991 - 1180, 3*o + 3*v = 126. Calculate the highest common divisor of 2737 and o.
7
Let p = -27 + 31. Suppose 5*q = 3*k - 28 - 22, 2*k - 26 = -p*q. Suppose 5*m - 60 = m. What is the highest common divisor of k and m?
15
Let j(s) = s**3 + 20*s**2 + s + 126. Let g be j(-9). Calculate the highest common divisor of 315 and g.
63
Suppose 0 = g - 10*g - 171. Let q = 19 + g. Let p be (-12 + 0)/(q - 2). Calculate the greatest common factor of p and 18.
6
Suppose 10*g + 377 + 1093 = 0. Let b be (g/(-35))/(1/720*6). What is the greatest common divisor of 18 and b?
18
Let z = 149 - 434. Let n be (z/20)/((-6)/16). Let x be 3 + 16/(-6)*-6. Calculate the greatest common divisor of x and n.
19
Let u be 280/(-700) + (1 - (-654)/10). Calculate the highest common factor of u and 110.
22
Suppose 0*s - 4*s = -88. Let t be (-12597)/(-204) + 3/(-4). Suppose 907 = 4*p - t. Calculate the highest common factor of p and s.
22
Suppose -3 = -3*k - 6. Let c be (-693)/(-135) + 13/15 + k. Let a be 198/5 - (-6)/15. Calculate the greatest common divisor of c and a.
5
Let u(m) = -m**3 - 4*m**2 + 18*m + 7212. Let y be u(0). What is the highest common divisor of y and 132?
12
Let y = -564 - -792. Suppose 33*f = 624 - y. Calculate the greatest common divisor of f and 12.
12
Let u be (0 - 1)*(-24 + 3). Suppose 5*r - 433 = -2*q, -559*q + 557*q + r = -367. Calculate the highest common factor of u and q.
21
Let a be (855/10 - 0)/((-6)/(-464)). Calculate the highest common factor of a and 116.
116
Let t be 50/(5/(-1))*(-26733)/35. Calculate the greatest common divisor of t and 6.
6
Let m(k) = 3*k**3 + 15*k**2 + 9*k - 29. Let v be m(-7). Let i = -372 - v. Calculate the highest common factor of i and 70.
14
Suppose 0 = -6*y + 304 + 1010. Suppose -11*p + y = -144. Let o(n) = n**3 + 9*n**2 + 8*n + 2. Let d be o(-7). What is the highest common factor of p and d?
11
Suppose -17*b + 10*b + 3906 = 0. Let y = b + -542. What is the highest common divisor of y and 176?
16
Let g be -1 - ((-49)/(-21))/((-2)/6). Suppose -66 = -2*m - 4*b, -4*b - g = 10. What is the greatest common divisor of 328 and m?
41
Let b be 1374*(-6)/(-36) - -8. What is the highest common divisor of 12 and b?
3
Let g = 16 + -11. Suppose 2*n - 4 - 5 = g*u, 4*n - 4*u = 12. Suppose 13 = 2*k - 1. Calculate the greatest common factor of k and n.
1
Let h be 7*(4 - (-6 + 1)). Let v be (3/(-9))/((-3)/h). What is the highest common factor of v and 35?
7
Let x = -24 + 32. Let i be (-607)/x + 1/(-8). Let l = i - -132. Calculate the greatest common factor of l and 14.
14
Suppose -s = 3*x - 8103, -315*x = -4*s - 317*x + 32352. Calculate the highest common divisor of s and 84.
21
Let i(c) = 15*c**2 + c + 2. Let m be i(-2). Suppose 1483 = 5*b - 1637. Suppose -32*a = -19*a - b. Calculate the greatest common factor of a and m.
12
Suppose -24*b + 26*b = -2*s + 22, -3*b + 43 = 5*s. Let d(i) = i**3 - 9*i**2 + 21*i - 6. Let y be d(b). What is the highest common divisor of y and 48?
12
Suppose 3*v - 297 + 1467 = 2*x, -3*x + v + 1762 = 0. What is the highest common factor of x and 36?
12
Let b be -7 - 574/(-9 + 7). Let l be (b/(-25))/(8/(-20) + 0). Let q = 3 - -1. Calculate the highest common divisor of l and q.
4
Let a be (-8560)/(-15) + -3*(-28)/36. Calculate the greatest common divisor of 3 and a.
3
Suppose -5*g = -4*j - 2421, -j + 2*g + g = 607. Let m = -445 - j. Calculate the greatest common divisor of 265 and m.
53
Suppose -145*v - 3*l = -147*v + 150, -5*v - 3*l + 312 = 0. What is the highest common factor of 3531 and v?
33
Let j be ((-2)/(-4))/(3/(-6)). Let v be (j/(-1))/((-7)/(-570 + 3)). Let i = 5 + 49. Calculate the highest common factor of i and v.
27
Let d be ((-375)/(-625))/((-2)/(-30) - 0). Let o(j) = 8*j**2 - 20*j + 65. Let t be o(d). Calculate the greatest common factor of t and 41.
41
Let d = 231470 - 231467. Let p = -13 + 18. What is the grea